 the remainder when 21 is divided by b.
5
Let x(p) = -3*p - 13. What is the remainder when 67 is divided by x(-9)?
11
Suppose -3*p + 15 = 6*n - 2*n, 9 = 3*n. Calculate the remainder when 178/6 - 2 - (-14)/(-21) is divided by 15 + (0 - (2 - p)).
13
Suppose -21*a + 17*a + 104 = 0. Calculate the remainder when 51 is divided by a.
25
Let g(o) = -8*o - 168. Suppose 4*r = 6*r - 38. Calculate the remainder when g(-28) is divided by r.
18
Suppose 4*g - 5*r - 71 = 0, -3*r - 14 = -g - r. What is the remainder when g is divided by 13?
11
Suppose -2*u = -3*n - 33, 0*u - 39 = -u - 3*n. Calculate the remainder when u is divided by 13.
11
What is the remainder when 0 + (-1 - -1) - -25*1 is divided by 13?
12
Let f = 79 - 40. What is the remainder when f is divided by 7?
4
Let y = -14 + 23. Calculate the remainder when 42 is divided by y.
6
Suppose -4*p = -3*w - 154, w = -5*p - 77 + 260. Suppose 0 = -5*x + 245 + 15. Suppose 0*a = -4*a + x. What is the remainder when p is divided by a?
11
Suppose 74 = 2*u - 2. Let f = u - 26. Let j(l) = 7*l**2 + l - 1. What is the remainder when f is divided by j(1)?
5
Suppose c + 34 + 14 = 0. Let r = -19 - c. Calculate the remainder when r is divided by 16.
13
Calculate the remainder when (-5)/(-25) - (-234)/5 is divided by 24.
23
Calculate the remainder when 13 is divided by 14 + -1 + 1 + (45 - 48).
2
Calculate the remainder when 67 is divided by 24 - 0 - (-1 - -1).
19
Let d = -192 - -205. Calculate the remainder when d is divided by 4.
1
Suppose 0*r + 4*r - 28 = 0. Suppose 0 = 2*s + 5*a - 0*a - r, 0 = a + 1. Let j = -7 - -11. Calculate the remainder when s is divided by j.
2
Let v = -43 - -15. Let a = v - -39. Calculate the remainder when 32 is divided by a.
10
Let k = 3 - -4. Let c(p) = 2*p - 6. Calculate the remainder when c(k) is divided by 3.
2
Suppose -5*i = -4*b + 160, -b = -6*b + 4*i + 191. Let p(u) = -9 + 3*u + 4*u - 5*u - 5*u. What is the remainder when b is divided by p(-9)?
17
Suppose -l - 4*s = -0*s - 23, l - 11 = 2*s. What is the remainder when 44 is divided by l?
14
Let i = -19 - 4. Let g = i + 40. Let q = -15 + 48. Calculate the remainder when q is divided by g.
16
Suppose -2*r = -m - 19, -m + 51 + 14 = 5*r. Let q = r + -11. Calculate the remainder when q is divided by 1.
0
Calculate the remainder when 398/10 - (-1)/5 is divided by 14.
12
Let x = -101 - -162. Let u = 20 - 4. Calculate the remainder when x is divided by u.
13
Suppose 0*s + t + 77 = 2*s, 5*s + 4*t - 173 = 0. Let a = s + -19. Calculate the remainder when a/(-12)*(-68)/6 is divided by 5.
2
Suppose 0 = -2*b + 5 - 3. Let l = b - 3. Calculate the remainder when 22 is divided by (-104)/(-12) - l/(-3).
6
Let h(o) = o - 2. Let q be h(0). Let t(l) = -l**2 - 4*l - 2. Suppose 6*z - 4*z - 6 = 0. What is the remainder when z is divided by t(q)?
1
Let c(g) = -4*g - 36. Calculate the remainder when 167 is divided by c(-15).
23
Let b = 86 - 77. What is the remainder when (-309)/(-9) - 4/(-6) is divided by b?
8
Let n be 3/(-9) + (-2)/(-6). Suppose n*r + 4*r - 16 = 0. Suppose 2*s - r*y = 34, 0 = -s + 2*s - y - 21. What is the remainder when s is divided by 9?
7
Let p be 3*1/(9/75). Let r = 65 - p. Let u = 66 - 45. Calculate the remainder when r is divided by u.
19
Let d(f) = 0*f - 2*f + 6*f - 2*f. Calculate the remainder when 15 is divided by d(4).
7
Let v = -2 + 4. Suppose 0 = -0*s + v*s - 6. Let r(j) = j**2 - 2. Calculate the remainder when r(s) is divided by 3.
1
Let x = 25 - 19. Let q(y) = 2*y**2 + 6*y + 2. What is the remainder when q(-4) is divided by x?
4
Suppose 2*u = -3*p + 1, u + 3*p - 5 = -3*u. Calculate the remainder when 6*1*1/3 is divided by 2 + -3 + u/1.
0
Let u = 13 - -11. Suppose -i - u = -3*i. What is the remainder when 21 is divided by i?
9
Let b = 13 - 12. What is the remainder when 53*(2 + (0 - b)) is divided by 14?
11
Suppose -14*u - 147 = -15*u. What is the remainder when u is divided by 30?
27
Suppose 7*u = 2*u + 2*v + 53, -5*v - 2 = 2*u. Calculate the remainder when 25 is divided by u.
7
Let c = -110 - -185. What is the remainder when c is divided by 19?
18
Let w = 41 - 24. Let t(z) = -z**2 - 7*z + 3. Let g(f) = -2*f**2 - 13*f + 5. Let r(q) = -3*g(q) + 5*t(q). Calculate the remainder when r(4) is divided by w.
15
Suppose 11 + 115 = 2*v. Calculate the remainder when v is divided by 22.
19
Let a(r) = -4*r - 3. Let b be a(-3). What is the remainder when (-2)/b + 357/27 is divided by 5?
3
Let a be (8/(-20))/((-2)/(-20)). Let b(l) = l**2 - 4*l - 7. Calculate the remainder when b(-5) is divided by ((-2)/(-3))/(a/(-78)).
12
Let z(a) be the second derivative of 17*a**3/6 - a**2/2 - 2*a. What is the remainder when z(1) is divided by 6?
4
Suppose 0 = -4*y + y. Suppose y*l = 2*l - 42. Calculate the remainder when l is divided by 6.
3
Suppose -3*x - 4*c = -16, -5*x + 28 = c - 10. Calculate the remainder when 20 is divided by x.
4
Suppose 6 = -5*z + 26. Suppose 9 = f - z. What is the remainder when 25 is divided by f?
12
Suppose -4*s - 125 = -9*s. What is the remainder when s is divided by 3?
1
Suppose 0*p - 175 = -5*p. What is the remainder when p is divided by 21?
14
Let m(g) = -2 + 9 + 0 - g. Let b(q) = 2*q**3 + 2*q - 1. What is the remainder when b(2) is divided by m(0)?
5
Suppose -2*u - 2 = -3*u. Let j be -76*(u - (-5)/(-2)). Suppose 2*p - j + 4 = 0. Calculate the remainder when p is divided by 9.
8
What is the remainder when 2/9 + (-2991)/(-27) is divided by 14?
13
Let z(y) = 89*y**2 - y - 1. Calculate the remainder when z(-1) is divided by 31.
27
Suppose 0 = -2*a + 6*a + 4. Let t(m) = -9*m**3 - m**2 + 1. Let j be t(a). Calculate the remainder when 11 is divided by (-4)/((-24)/j - -2).
5
Suppose -56 + 385 = 7*s. Calculate the remainder when s is divided by -4 + 2 + 4 - -8.
7
What is the remainder when 48 is divided by -2 - 0 - -9*(4 + -1)?
23
Suppose 0 = -4*l - 18 - 2. Let b(y) = -y**3 - 3*y**2 + 6*y - 7. Let j = -84 + 121. Calculate the remainder when j is divided by b(l).
11
Suppose -32*q + 80 = -12*q. What is the remainder when 0 + 12 - (-1 - 0) is divided by q?
1
Suppose c - 5 = -2*f, 0*f + 9 = 2*f - 3*c. Suppose -q + k + 3*k + 3 = 0, -3*k + 24 = f*q. Calculate the remainder when q is divided by 2.
1
Suppose -3*d = -2*d + 2*w - 28, 2*d + 2*w - 62 = 0. Calculate the remainder when 67 is divided by d.
33
Suppose -l + 0 - 2 = 0. What is the remainder when 15 + -3 + (l - -3) is divided by 5?
3
Suppose 752 = -16*m + 24*m. Calculate the remainder when m is divided by 16.
14
Suppose 5*v - 24 = -y, -6*y + 2*v = -3*y - 38. Let r(a) = -a**2 - 13*a + 4. What is the remainder when r(-9) is divided by y?
12
Let k = 20 + -16. What is the remainder when 12 is divided by k?
0
Suppose -l - 2*l + 30 = 0. Suppose -4*x = 4*f - 64, 3*x = 4*f - 87 + 9. What is the remainder when f is divided by l?
8
Let x(v) = -2*v + 1. Let t be x(-4). Suppose -4*j - t = -j. What is the remainder when 12 is divided by 2/(-3) - 23/j?
5
Let h = -24 + 28. What is the remainder when 17 is divided by h?
1
Let j be (-6)/((-4)/2) + 35. Let i = j - 13. What is the remainder when 49 is divided by i?
24
Let k(i) = -i**2 + 7*i + 3. Let m be k(7). Let n = m - 1. What is the remainder when n is divided by 1?
0
Let k(i) = -i. Let x be k(-2). Suppose -8 = -x*s + 2. What is the remainder when 8 is divided by s?
3
Let s = 22 + -15. Suppose -5*q + s = -18. Let l = 5 - -8. What is the remainder when l is divided by q?
3
Suppose -2*s + 12 - 49 = -5*w, 3*w - 4*s - 11 = 0. Suppose -8 - 8 = -4*c, -5*g - c = -174. What is the remainder when g is divided by w?
7
Suppose 4 = -j + 20. What is the remainder when 45 is divided by j?
13
Suppose -5*q + 23 = -2. Suppose -4*i + 16 = -3*p, -5*i - 2*p + 41 = -2. Calculate the remainder when i is divided by q.
2
Suppose -60 = -4*p + s, p - 7 = 2*s + 8. Suppose -g + p = 5*j, 9 = 5*j - g - 16. Calculate the remainder when 6 is divided by j.
2
Let w(v) = -v**2 - 18*v + 21. Calculate the remainder when 474 is divided by w(-16).
50
Let n(t) = t**2 + 11*t + 18. Let v be n(-9). Let b be 10/4 - (-2)/(-4). Calculate the remainder when 17 is divided by 3 - b - v - -5.
5
Let o(p) = -3*p + 3. Let c(u) = -u. Let r(g) = 6*c(g) - o(g). Let z = 15 + 2. What is the remainder when z is divided by r(-4)?
8
Let y(l) = 4 + 8*l + 2 - 4 - l**2. Let r be y(6). Suppose 4*z - r = 2. Wh